it of q(-2)?
5
Let a be 40 - (-4)/(2 - 4). Let m = a + -17. What is the units digit of m?
1
Let i(m) = m**2 - 2*m - 1. Let z be i(2). Let v = z + 0. Let o(h) = -h**3 - h - 1. What is the units digit of o(v)?
1
Let y(f) = 2*f**2 - 2*f**3 - 3*f**3 + 4*f**3 + 1. What is the units digit of y(2)?
1
Suppose d + 4 = 3*d. Suppose -i - 2*t - 14 = d*t, -4*t - 24 = -4*i. What is the units digit of i?
2
What is the units digit of (-39)/(-12) + -3 + (-597)/(-12)?
0
Suppose 4*i = 15 - 3. Let g(b) = b**2 - 1. Let j(l) = 4*l**2 + 2*l - 9. Let f(x) = 5*g(x) - j(x). What is the units digit of f(i)?
7
Let y(a) = -a**2 - 14*a + 15. What is the tens digit of y(-14)?
1
Let h = -1 - -21. Suppose -6*x + x = -h. Suppose -x*m + 16 = -2*m. What is the units digit of m?
8
Suppose -4*t = -18 - 2. Let b = -3 + t. Suppose 9 = 3*v, 3*v - 14 = -3*m - b. What is the units digit of m?
1
Suppose -s + x = 19, 0*s - 3*s - 5*x - 57 = 0. Suppose 2*o = -2*o + 136. Let y = o + s. What is the units digit of y?
5
Let g(i) = -4*i**3 - 3*i + 0*i**3 + 1 + 3*i**3 + 8*i**2. What is the units digit of g(7)?
9
Let i be (-8)/24 + 4/(-6). Let n(m) = -11*m - 3. What is the units digit of n(i)?
8
Let x(j) be the first derivative of j**5/60 - j**4/8 + j**3/3 + 2. Let y(p) be the third derivative of x(p). What is the tens digit of y(7)?
1
Suppose -2*b + 4 + 6 = 0. Suppose -f + 5*y + 9 = 0, -b*f + 2*f - y = -43. What is the tens digit of f?
1
Suppose j = 4*v - 793, -4*j + 9*j + 797 = 4*v. What is the units digit of v?
8
Let d(y) = 249*y + 3. What is the hundreds digit of d(1)?
2
Suppose -2*v + 12 = -2*g, -2*v - 2*v = -3*g - 22. Suppose 2 = -v*s + 6. Let y = 8 - s. What is the units digit of y?
7
Suppose 3*v + 2*w - 88 = 0, 4*v - w - 116 = -5*w. What is the tens digit of v?
3
Suppose -2*b + 5*b = 5*d + 16, 10 = b - 4*d. Let o = 7 + b. What is the units digit of o?
9
Let t(q) = -q + 3. Let g be t(-5). Suppose 2*f - 6 = g. What is the units digit of f?
7
Suppose 2*a + 4 = 0, 132 = 8*g - 6*g + a. What is the tens digit of g?
6
Suppose 14 - 4 = 2*s. Suppose 0 = 3*g + 3*m - 12, 3*g - 10 = -2*m + s. What is the units digit of g?
7
Suppose -4*l = -2*l + 20. Let n = -38 - -21. Let s = l - n. What is the units digit of s?
7
Let w(v) = -2*v - 9. Let k be w(-7). Suppose -k*b + 2*m = -0*m - 20, -2*m = 5*b - 40. What is the units digit of b?
6
Let o be (-72)/(-2)*14/(-4). Let f be o/6 - (-1 - -2). What is the units digit of 4/(-22) + (-70)/f?
3
Suppose -4*y - 3 = 25. What is the tens digit of -16*y/(21/6)?
3
Let u(a) = 2*a - 10. Let d be u(8). Let b(y) = -y**2 + 5*y - 5. Let i be b(d). Let g = i - -20. What is the units digit of g?
9
Let h(y) = y**2 + y + 37. What is the units digit of h(0)?
7
Let n be 2/(-5) - 60/(-25). Suppose 12 = n*m - 0*m. Let w = m + -5. What is the units digit of w?
1
Let x = -198 - -337. What is the units digit of x?
9
Suppose 2*z - 6*b - 139 = -b, -221 = -3*z - 5*b. What is the tens digit of z?
7
Let p(t) = -2*t + t - 7*t + 8 + 0*t + t**2. Let l be p(9). Let m = l + -9. What is the units digit of m?
8
Suppose q = -5*i + 70, 5*q + 3*i = 553 - 159. What is the tens digit of q?
8
Suppose 4*q + 6 = 46. Let f be 2/(4 - 104/28). Suppose q*h - f*h = 18. What is the units digit of h?
6
Suppose -4 = 3*f + 17. Let p = 10 + f. Suppose -3*b - 12 = p*c, -b - 2*b = -c - 8. What is the units digit of b?
1
Suppose -2*z - 60 = z. Let g = z - -36. What is the units digit of g?
6
Suppose -3*s + 3*x - 2*x = -11, 3*x = -6. Suppose 4*o - 51 = 9. Suppose s*m - o = 12. What is the units digit of m?
9
Let n(k) = -30*k. Let t be n(-4). Suppose 3*y = 8*y - t. Suppose -4*s + 4 = -c + s, -3*c + 3*s + y = 0. What is the units digit of c?
1
Suppose 4*v - 5*u - 93 = 0, 0 = v - 3*u - 6 - 19. Suppose 2*t = v + 34. What is the units digit of t?
8
Let k be 0/(1 + (-2)/(-2)). Let f be 0 - (4 + (3 - 12)). Suppose -f*b - 12 = -t - t, k = -b + 2. What is the units digit of t?
1
Suppose -3*n + 3*i + i - 8 = 0, 0 = -n + 2*i - 2. What is the units digit of 1/n - (-305)/20?
5
What is the units digit of ((-1)/(-3))/((-1)/345*-5)?
3
Suppose 4*h - f = -6*f + 21, -42 = -4*h + 2*f. Let w = h + 1. What is the tens digit of w?
1
Let n = 51 - 19. Suppose 12 = -5*p + n. What is the units digit of p?
4
Let r be 218/4 - 1/(-2). Let x = r + -39. Suppose -3*q + 8 = -2*q + 3*z, -5*z = 2*q - x. What is the units digit of q?
8
Suppose 2*m + 5*x = -17, -m + 14 = -3*x - 5. Suppose 0 = 4*u + m, -q - 5*u = -12 + 3. What is the units digit of q?
4
Suppose -4*f = 3*p + 16, 0 = f - p + 4 - 0. Let d = f + 2. What is the units digit of (d/4)/(1/(-12))?
6
Suppose 5*t - 50 = 3*f, -t + 7*f = 2*f - 10. What is the units digit of 0/(-2) - (6 - t)?
4
What is the units digit of 1 - 14/10 - 4878/(-45)?
8
Let t(z) = z**3 + 8*z**2 - z - 4. Let d be ((8 - 2) + -2)*-2. What is the units digit of t(d)?
4
Suppose -2*l + h + 94 = l, h = -5*l + 154. What is the units digit of l?
1
Suppose 0 = 5*b + 3*w + 227, -5*b + 3*w = -0*b + 203. Let s = b - -77. What is the units digit of s?
4
Let o(h) = h**3 - 3*h**2 - 2*h + 12. What is the units digit of o(5)?
2
Suppose -5*v + 3*j + 11 = -4*v, 4*j + 33 = 3*v. Let x = 29 - v. Let p = x - 11. What is the units digit of p?
7
Let i be (-5)/(-2) - 1/(-2). Let b be (i + -3)*(-3 + 4). Suppose b = -3*v + v + 6. What is the units digit of v?
3
Suppose 2*o = 2*t + 360, -5*o - 4*t - 83 = -974. What is the tens digit of o?
7
Let s be (7/3)/(4/12). Suppose 0 = s*q - 3*q - 8. Suppose -q*w = 4 - 8. What is the units digit of w?
2
Let b(s) = -2*s**3 + s - 3. Let z be b(-2). What is the units digit of 11 + 0 - (14 - z)?
8
Let o(l) be the third derivative of -3*l**4/8 - l**3/6 + 2*l**2. What is the units digit of o(-1)?
8
Let x(z) be the third derivative of -z**7/2520 - z**6/90 + z**5/30 + z**2. Let i(s) be the third derivative of x(s). What is the units digit of i(-7)?
6
Let s = -5 - -8. Let j be 18/4 + 2/(-4). Suppose s*k = -2*m + j, 3*m - 4*m + 2 = 4*k. What is the units digit of m?
2
Suppose 907 = 6*q - 569. What is the tens digit of q?
4
Let s = -2 + 5. Suppose s = -2*w + 4*o - 9, 5*w - 6 = -2*o. Suppose w = -2*g - g + 6. What is the units digit of g?
2
Suppose 38 = 4*y - 2*k, -2*y + y - 3*k + 20 = 0. What is the tens digit of y?
1
Suppose a - 2*u = 3*a - 8, a - 10 = -4*u. Suppose -3*v - h + 73 = 0, -v + 41 = a*h + 15. Suppose -v = -f - f. What is the units digit of f?
2
Let s = -50 + 94. Suppose -3*m + s = m. What is the units digit of m?
1
Suppose -2*j - 18 - 16 = 0. Let n = j - -24. What is the units digit of n?
7
Suppose 138 + 24 = 2*h - 2*j, 0 = h + 5*j - 69. Let i = h + -54. What is the units digit of i?
5
Let o(w) = -w**2 - 17*w + 26. What is the units digit of o(-15)?
6
Suppose -18 = o - 4*a, 3*a - 14 - 11 = -5*o. Let q(l) = -l**2 + 7*l + 1. Let v be q(6). Suppose -v*n + o*n = -25. What is the units digit of n?
5
Suppose 4*f - 34 = 110. Suppose -g = -3*g + f. What is the tens digit of g?
1
Suppose 0*q - q + 2 = 0. Let y(r) = r**2 - 2*r + 3. Let o be y(q). What is the units digit of 2*(1 - (2 - o))?
4
Let r(g) = -g**3 - 3*g**2 - 3*g - 4. Let j be r(-3). Suppose 3*m = j*b + 2*m - 66, -2*m - 34 = -3*b. What is the tens digit of b?
1
Suppose -3*q + 7 = -5. Let p(u) = -6*u + q*u - 2 - 1. What is the units digit of p(-2)?
1
Let b(q) = -9*q - 82. What is the units digit of b(-22)?
6
Let s = 9 - 7. Let m be -6*s/(-10)*5. Suppose 5*p + 1 = m. What is the units digit of p?
1
Let p(t) = -3*t**2 + 6*t - 1. Let x(n) = -16*n**2 + 31*n - 4. Let c(z) = 11*p(z) - 2*x(z). Let m be c(4). Let l = m + 8. What is the units digit of l?
5
Let x = -20 + 115. What is the tens digit of x?
9
Let m = 44 + -28. Suppose -7*s + m = -3*s. Suppose -s*r = -0*r - 40. What is the tens digit of r?
1
Let j(x) = x - 4. Let v be j(3). What is the tens digit of -3 - (v + -37) - -2?
3
Let v = -1 - -8. Suppose -2 = -3*y + 10. Let k = v + y. What is the tens digit of k?
1
Let t = 23 - -270. What is the hundreds digit of t?
2
Suppose 0 = 4*v - 5*b - 3, -62 = -3*v - 5*b - 16. What is the units digit of v?
7
Let b(i) = 3*i + 11. What is the tens digit of b(4)?
2
Let l = -15 + 20. What is the units digit of l?
5
Let b be -1*(-2)/2*34. Let t = b - 13. Let g = -9 + t. What is the tens digit of g?
1
Let q(w) be the second derivative of -w**4/12 - 5*w**3/6 - 2*w**2 + w. Let u be q(-7